{"id":23,"date":"2024-02-27T00:11:40","date_gmt":"2024-02-26T23:11:40","guid":{"rendered":"https:\/\/troopershop.eu\/?post_type=product&#038;p=23"},"modified":"2024-11-22T02:58:45","modified_gmt":"2024-11-22T01:58:45","slug":"pauldron","status":"publish","type":"product","link":"https:\/\/troopershop.eu\/index.php\/termek\/pauldron\/","title":{"rendered":"V\u00e1llap"},"content":{"rendered":"<p>Stormtrooper v\u00e1llap, k\u00fcl\u00f6nb\u00f6z\u0151 sz\u00ednekben. Id\u0151j\u00e1r\u00e1s \u00e1ll\u00f3 m\u0171b\u0151rb\u0151l k\u00e9sz\u00fcl, be\u00e9p\u00edtett merev\u00edt\u00e9ssel.<br \/>A r\u00f6gz\u00edt\u00e9sek rugalmas anyagb\u00f3l vannak, amik patenttal vannak r\u00f6gz\u00edtve.<br \/>A term\u00e9kek megfelelnek az 501 l\u00e9gi\u00f3 k\u00f6vetelm\u00e9nyeinek.<br \/>Term\u00e9szetesen, megrendel\u00e9sre k\u00e9sz\u00edt\u00fcnk a k\u00edv\u00e1ns\u00e1g\u00e1nak megfelel\u0151 m\u00e9retben \u00e9s sz\u00ednben is.<\/p>\n","protected":false},"excerpt":{"rendered":"<p>V\u00e1llap \/ Pauldron<\/p>\n","protected":false},"featured_media":19,"comment_status":"open","ping_status":"closed","template":"","meta":[],"product_brand":[],"product_cat":[17],"product_tag":[18,19],"class_list":{"0":"post-23","1":"product","2":"type-product","3":"status-publish","4":"has-post-thumbnail","6":"product_cat-clothes","7":"product_tag-pauldron","8":"product_tag-vallap","10":"first","11":"instock","12":"taxable","13":"shipping-taxable","14":"purchasable","15":"product-type-variable","16":"has-default-attributes"},"_links":{"self":[{"href":"https:\/\/troopershop.eu\/index.php\/wp-json\/wp\/v2\/product\/23","targetHints":{"allow":["GET"]}}],"collection":[{"href":"https:\/\/troopershop.eu\/index.php\/wp-json\/wp\/v2\/product"}],"about":[{"href":"https:\/\/troopershop.eu\/index.php\/wp-json\/wp\/v2\/types\/product"}],"replies":[{"embeddable":true,"href":"https:\/\/troopershop.eu\/index.php\/wp-json\/wp\/v2\/comments?post=23"}],"wp:featuredmedia":[{"embeddable":true,"href":"https:\/\/troopershop.eu\/index.php\/wp-json\/wp\/v2\/media\/19"}],"wp:attachment":[{"href":"https:\/\/troopershop.eu\/index.php\/wp-json\/wp\/v2\/media?parent=23"}],"wp:term":[{"taxonomy":"product_brand","embeddable":true,"href":"https:\/\/troopershop.eu\/index.php\/wp-json\/wp\/v2\/product_brand?post=23"},{"taxonomy":"product_cat","embeddable":true,"href":"https:\/\/troopershop.eu\/index.php\/wp-json\/wp\/v2\/product_cat?post=23"},{"taxonomy":"product_tag","embeddable":true,"href":"https:\/\/troopershop.eu\/index.php\/wp-json\/wp\/v2\/product_tag?post=23"}],"curies":[{"name":"wp","href":"https:\/\/api.w.org\/{rel}","templated":true}]}}